 and 2488561.
59
What is the highest common factor of 79 and 6390863?
79
What is the greatest common divisor of 6574 and 1992614?
346
What is the greatest common divisor of 1565208 and 3744?
72
What is the greatest common divisor of 890 and 12861568?
178
What is the greatest common divisor of 1599246 and 18450?
738
What is the highest common divisor of 108414 and 258552?
342
What is the highest common factor of 5191 and 25440017?
179
Calculate the highest common factor of 5068 and 10700676.
28
What is the greatest common divisor of 14264019 and 57024?
891
What is the highest common divisor of 767 and 60158347?
59
What is the greatest common divisor of 985 and 147947?
197
What is the highest common factor of 1353 and 2550405?
1353
Calculate the highest common divisor of 65 and 402980.
5
What is the highest common factor of 284514170 and 3895?
3895
What is the highest common divisor of 8 and 1391452?
4
What is the greatest common divisor of 1030259757 and 3?
3
What is the highest common factor of 609 and 207291?
21
Calculate the highest common divisor of 83349 and 3577.
49
What is the greatest common factor of 551953809 and 26046?
13023
What is the greatest common divisor of 3612719970 and 813?
813
What is the highest common divisor of 1931836 and 4400636?
6172
Calculate the highest common divisor of 975 and 68087175.
975
What is the greatest common factor of 78884 and 7034144?
1924
What is the highest common divisor of 10450 and 2570150?
550
What is the greatest common factor of 45 and 357150285?
45
What is the greatest common factor of 68550 and 554175?
75
Calculate the highest common divisor of 63949152 and 261348.
9012
What is the highest common divisor of 162703559 and 2249?
173
What is the greatest common divisor of 88288 and 57583?
89
Calculate the greatest common factor of 8974347 and 161.
23
What is the highest common divisor of 202321900 and 200?
100
What is the greatest common divisor of 164256500 and 500?
500
What is the greatest common factor of 6464 and 153040048?
1616
What is the highest common divisor of 3763098 and 6264?
1566
Calculate the highest common divisor of 3360 and 1635872.
224
What is the greatest common divisor of 190 and 5220?
10
What is the highest common divisor of 18 and 157657743?
9
Calculate the highest common divisor of 4 and 134356.
4
Calculate the highest common factor of 3950436 and 655.
131
What is the greatest common factor of 25864553 and 715?
143
Calculate the greatest common divisor of 479145 and 36516.
51
Calculate the greatest common divisor of 102816683 and 423.
47
Calculate the greatest common factor of 1968 and 12139116.
492
Calculate the greatest common factor of 98449527 and 660.
33
What is the greatest common divisor of 261668191 and 287?
41
What is the highest common factor of 49669568 and 1664?
832
What is the highest common divisor of 119377840 and 320?
80
What is the greatest common divisor of 9693 and 333601827?
1077
Calculate the greatest common factor of 306 and 43629990.
102
What is the highest common factor of 14981270 and 21906?
2434
Calculate the highest common divisor of 12512 and 1829098.
782
What is the highest common factor of 29449 and 7577408?
601
What is the highest common factor of 88941860 and 3290?
3290
Calculate the greatest common divisor of 49 and 290968517.
49
What is the greatest common factor of 273884286 and 3848?
962
Calculate the highest common divisor of 332 and 18106616.
332
Calculate the highest common divisor of 125 and 202651.
1
What is the greatest common factor of 300 and 845025?
75
What is the highest common divisor of 446 and 42143209?
223
What is the greatest common divisor of 220443187 and 19?
19
What is the greatest common factor of 2935543 and 402798?
6103
Calculate the greatest common divisor of 2215338 and 292485.
1887
What is the greatest common factor of 15782 and 64009364?
1214
Calculate the greatest common divisor of 110 and 33188650.
110
Calculate the highest common divisor of 13552248 and 13908.
732
What is the greatest common divisor of 7394598 and 10767?
111
Calculate the highest common factor of 218725 and 141700.
325
What is the greatest common factor of 4213 and 100155649?
4213
What is the highest common factor of 1479588 and 17061?
363
What is the greatest common divisor of 2058 and 5153526?
294
What is the greatest common divisor of 432 and 2388384?
144
What is the greatest common divisor of 49536 and 5871392?
1376
Calculate the highest common factor of 626866704 and 306.
306
What is the greatest common divisor of 2755 and 3327470?
95
Calculate the greatest common factor of 42370112 and 128.
64
What is the highest common divisor of 196979 and 6613?
17
What is the greatest common divisor of 1836 and 5907330?
918
Calculate the greatest common divisor of 46059 and 5658171.
3543
Calculate the highest common divisor of 2912274846 and 4558.
4558
Calculate the greatest common divisor of 602678 and 3538.
58
What is the greatest common factor of 21650082 and 456?
114
What is the highest common factor of 17 and 233444493?
17
What is the greatest common divisor of 4715403 and 693?
231
What is the highest common divisor of 18073 and 82921652?
341
Calculate the highest common factor of 267683 and 2346253.
767
Calculate the highest common divisor of 605 and 824450.
55
Calculate the greatest common divisor of 55452 and 34560.
12
Calculate the greatest common divisor of 14470 and 166235.
5
Calculate the greatest common factor of 44922 and 6.
6
What is the greatest common factor of 134 and 604763239?
67
Calculate the greatest common divisor of 225 and 7163655.
15
Calculate the greatest common divisor of 65335 and 17082.
73
Calculate the highest common divisor of 8 and 10395608.
8
Calculate the greatest common divisor of 14069988 and 1392.
348
What is the greatest common factor of 4362854 and 15264?
106
What is the greatest common divisor of 5848 and 35376358?
86
What is the greatest common factor of 314 and 10640989?
157
Calculate the greatest common divisor of 60 and 783460.
20
Calculate the greatest common factor of 32509 and 2603.
19
Calculate the highest common divisor of 82447 and 7859.
29
Calculate the highest common divisor of 700911 and 288.
9
Calculate the highest common divisor of 6933513 and 265.
53
What is the greatest common factor of 3067030 and 80?
10
What is the greatest common divisor of 79054 and 3973?
29
What is the highest common divisor of 9819157 and 403?
31
Calculate the highest common divisor of 393364 and 519149.
2287
Calculate the greatest common divisor of 995 and 52315.
5
What is the highest common divisor of 311457 and 196212?
591
Calculate the highest common divisor of 6065328 and 9792.
816
What is the greatest common divisor of 2008186 and 1039734?
2458
What is the highest common factor of 68 and 183938861?
17
What is the highest common divisor of 63720257 and 265?
53
What is the greatest common factor of 35840 and 25316480?
4480
What is the highest common divisor of 2745 and 109739?
61
Calculate the greatest common divisor of 67995 and 1089.
9
Calculate the greatest common factor of 17310603 and 106377.
1803
Calculate the greatest common divisor of 301224645 and 730.
365
What is the greatest common divisor of 7452 and 329508?
324
What is the highest common divisor of 109792 and 288?
32
Calculate the greatest common factor of 1369 and 2120524871.
1369
Calculate the greatest common factor of 208317998 and 7924.
3962
Calculate the greatest common factor of 110338728 and 414.
138
Calculate the highest common factor of 4930 and 1093590.
290
Calculate the greatest common divisor of 1830524 and 9816998.
4646
What is the greatest common divisor of 385632 and 165006?
1854
What is the greatest common divisor of 5707472 and 1488?
496
Calculate the highest common factor of 288 and 1299287424.
96
Calculate the highest common divisor of 176 and 173732848.
16
What is the greatest common factor of 111771 and 4900989?
3387
What is the greatest common divisor of 5235 and 47588244?
1047
What is the greatest common factor of 162015 and 10185?
105
What is the highest common factor of 209041 and 133?
7
What is the greatest common divisor of 672 and 4723712?
224
Calculate the highest common divisor of 746051 and 260093.
199
What is the great